0211243
In base 5, what is 1324 - 1411142421?
-1411141042
In base 2, what is 1010000010110111111 - 100000?
1010000010110011111
In base 5, what is -244013 + 242431?
-1032
In base 13, what is 8790 - 22a?
8563
In base 8, what is -34065 - -1711?
-32154
In base 12, what is 127638 - -3?
12763b
In base 4, what is -1002301021 - 12?
-1002301033
In base 13, what is 83762 + -10c?
83653
In base 15, what is -2764 + 440?
-2324
In base 7, what is 25616002 - -3?
25616005
In base 9, what is -351044544 + 4?
-351044540
In base 14, what is -59 + 5b4cd?
5b474
In base 14, what is 40 + -102c731?
-102c6d1
In base 7, what is -2 - 1153631461?
-1153631463
In base 14, what is -acdb1 + -dbc?
-add8d
In base 10, what is -242 + -10249?
-10491
In base 3, what is -2 + 21110021120121?
21110021120112
In base 4, what is -1 - 23101221211?
-23101221212
In base 2, what is -1000010010110001 - 11101001?
-1000010110011010
In base 2, what is -1101010011011001 + 10110?
-1101010011000011
In base 11, what is -3506326 - -141?
-3506195
In base 6, what is 2 + 4025135255?
4025135301
In base 8, what is -162207 - -1143?
-161044
In base 15, what is 9ceac4 + 1?
9ceac5
In base 11, what is -16a54531 - 8?
-16a54539
In base 9, what is -53554 - -80272?
25617
In base 8, what is 764 + -152154?
-151170
In base 8, what is -1257740 - 2?
-1257742
In base 11, what is 64541 - 11a5?
63347
In base 3, what is 20102121102011 + -1?
20102121102010
In base 7, what is -404140 - 225?
-404365
In base 12, what is -3880 + 8263?
45a3
In base 16, what is -5 + -40411?
-40416
In base 7, what is 313423 + 16?
313442
In base 15, what is -3175da + -5?
-3175e0
In base 14, what is 3 + 5add0c?
5add11
In base 5, what is -10141024434 + -22?
-10141030011
In base 3, what is -20 + -10000100001?
-10000100021
In base 9, what is 135844 + 1246?
137201
In base 6, what is -2533520 + -44?
-2534004
In base 4, what is 1111020102 + -110?
1111013332
In base 9, what is -5 - 608342610?
-608342615
In base 10, what is 4402393 + 4?
4402397
In base 15, what is 2652e + 5c?
2658b
In base 7, what is -4 + 1545266305?
1545266301
In base 4, what is -200010310031 - 10?
-200010310101
In base 12, what is -13066 + -1889?
-14933
In base 2, what is -1001001110 + 1001011110000101?
1001010100110111
In base 4, what is -1231011002 - 113?
-1231011121
In base 13, what is -22 + 911886a?
9118848
In base 4, what is 122313131302 - 2?
122313131300
In base 2, what is -1010 - -100010010100010111101?
100010010100010110011
In base 9, what is -6104226 + 57?
-6104158
In base 3, what is -22021200010102 + -11?
-22021200010120
In base 11, what is -1a + 1027323?
1027304
In base 8, what is 27 + -2637615?
-2637566
In base 2, what is 100000010000010 + 1101000011?
100001111000101
In base 14, what is 1a + 120831?
12084b
In base 3, what is -10100201202102121 - 0?
-10100201202102121
In base 11, what is -37 + 70224?
70198
In base 6, what is 11 - -212051212?
212051223
In base 3, what is -11100 - -1222201121?
1222120021
In base 14, what is 5ca69 + d6a?
5d9d5
In base 15, what is -ba09b7 + d9?
-ba08cd
In base 13, what is 4 + -227c135?
-227c131
In base 2, what is 111001010101001 + -10000011001?
110111010010000
In base 16, what is b52f7c - 2?
b52f7a
In base 10, what is -64 + 109199?
109135
In base 7, what is -12044304 - -2?
-12044302
In base 11, what is 3 + -12194870?
-12194868
In base 11, what is 236a9a63 + -3?
236a9a60
In base 5, what is 332 - 110340?
-110003
In base 15, what is 3 + 654917?
65491a
In base 11, what is -539 + -59620?
-5a059
In base 12, what is -205 + -a3695?
-a389a
In base 14, what is -3 + 24aa51b?
24aa518
In base 7, what is 132606 - 140?
132436
In base 10, what is -113 + 380?
267
In base 7, what is 6254643531 + -4?
6254643524
In base 7, what is -43 - -511003?
510630
In base 10, what is 18 + -233401?
-233383
In base 7, what is 4153614 - 16?
4153565
In base 7, what is 1 + -1136011?
-1136010
In base 14, what is 337 - -251?
588
In base 4, what is -301110301002 - 112?
-301110301120
In base 10, what is -15 + -3737494?
-3737509
In base 16, what is 489cd - 4f?
4897e
In base 3, what is 121 + 221022200101?
221022200222
In base 6, what is 134 - 2514134?
-2514000
In base 16, what is -a9 - 95b?
-a04
In base 4, what is 102 - 1011112320?
-1011112212
In base 11, what is 1411813 + -359?
1411465
In base 16, what is -197 - 10c3?
-125a
In base 9, what is 2327743 - 6?
2327736
In base 14, what is 48331095 - 1?
48331094
In base 14, what is 506 + 3d99?
44a1
In base 6, what is -13 - -1404221350?
1404221333
In base 12, what is 2 - 7616b0?
-7616aa
In base 2, what is -1111011011111100 - 11001?
-1111011100010101
In base 12, what is 2 - 1826b7b?
-1826b79
In base 5, what is -2121022130 - 12?
-2121022142
In base 7, what is 251321 + -322?
250666
In base 15, what is -82d783b + 4?
-82d7837
In base 14, what is -5 + -54b7bc4?
-54b7bc9
In base 9, what is 24373386 - -4?
24373401
In base 15, what is 7e32e8 - 0?
7e32e8
In base 14, what is -aac - -55078?
543aa
In base 13, what is a2 - -7466a?
7473c
In base 5, what is 300 - -22201444?
22202244
In base 3, what is -200110200021002011 + 2?
-200110200021002002
In base 9, what is -287725 + -8037?
-306763
In base 3, what is 10102210 - 110022022221?
-110011220011
In base 5, what is 403123032 - -2?
403123034
In base 6, what is -4 + 1332404344?
1332404340
In base 3, what is -22222012221 + 2222?
-22222002222
In base 9, what is 1 + 8387661?
8387662
In base 13, what is 18 - -141664?
14167c
In base 14, what is 8b8 - 315a?
-2682
In base 5, what is -11430201 + 20333?
-11404313
In base 11, what is -224725510 + 4?
-224725507
In base 8, what is -707 + -55407?
-56316
In base 5, what is -4 - 11343321203?
-11343321212
In base 2, what is 11011110111110000011101 + -10?
11011110111110000011011
In base 11, what is 3127290 + 27?
3127307
In base 8, what is -111707760 + 2?
-111707756
In base 4, what is -130213 + 1001001?
210122
In base 4, what is 10331330 + 2112?
11000102
In base 4, what is -2 + -1031311022302?
-1031311022310
In base 8, what is 75510536 + -2?
75510534
In base 6, what is 551 + -113553523?
-113552532
In base 5, what is 3 + -10400010224?
-10400010221
In base 12, what is -773 + 5691?
4b1a
In base 11, what is 3a2921 - -13?
3a2934
In base 11, what is 18573216 - 3?
18573213
In base 7, what is -144 + -5210616?
-5211063
In base 9, what is 224842 + -487?
224344
In base 5, what is -2230 - 104211431?
-104214211
In base 10, what is 52 + -11746?
-11694
In base 4, what is 22110200 - 10021?
22100113
In base 14, what is d - 256bba3?
-256bb94
In base 9, what is 13622 + -28561?
-14838
In base 6, what is -342202420 + 33?
-342202343
In base 7, what is -3161460225 + 1?
-3161460224
In base 12, what is -9 + -438772?
-43877b
In base 15, what is -4 - ae1c475?
-ae1c479
In base 7, what is 4 + 1033623431?
1033623435
In base 12, what is 16 + -91b962?
-91b948
In base 2, what is 101001 + -111100011101111000?
-111100011101001111
In base 6, what is -41 + 1240205310?
1240205225
In base 15, what is 22 - 8accab?
-8acc89
In base 6, what is -5 - -1341504255?
1341504250
In base 2, what is -1000010100100 - -10111100100100?
1111010000000
In base 8, what is 252055 + -471?
251364
In base 4, what is -12123 + 1312112232?
1312100103
In base 15, what is -3db8 - 37e?
-4247
In base 7, what is -222233363 - 25?
-222233421
In base 16, what is -1ee6 - -19b?
-1d4b
In base 8, what is -527334 - -322?
-527012
In base 8, what is -64071 - -1305?
-62564
In base 13, what is -6a6a475 - -2?
-6a6a473
In base 10, what is 616 + 87257?
87873
In base 10, what is -489209 + -28?
-489237
In base 2, what is -10000101000110000010 + 10011010101?
-10000100110010101101
In base 13, what is 2 + -1993063?
-1993061
In base 9, what is 2 + -1205383851?
-1205383848
In base 15, what is 73a6 + -2ee?
70a7
In base 12, what is 3997aa + -26?
399784
In base 4, what is -12301303 + -110?
-12302013
In base 16, what is -66cb7 + -2b?
-66ce2
In base 11, what is -4 + a06587?
a06583
In base 13, what is 2 - -9025214?
9025216
In base 2, what is 101101101111011010 + -1111101101?
101101011111101101
In base 9, what is 24301755 - 31?
24301724
In base 8, what is 4500 - -51071?
55571
In base 15, what is 27d1a + -5?
27d15
In base 2, what is -1111011001010 - 101101?
-1111011110111
In base 7, what is 156210 + 53?
156263
In base 2, what is 100000010011111011001110000 - -101?
10000001001111